 o(-9). Suppose 0*k + p = 4*k. What is the greatest common factor of 10 and k?
10
Let x(w) = 7*w**3 + w**2 + 4*w + 4. Let h be x(-3). Let r be 6/18 + h/(-3). What is the highest common divisor of r and 9?
9
Let z(o) = o**3 - 8*o**2 + o + 1. Let d be z(8). Calculate the greatest common factor of d and 2.
1
Let t be 30*(-3 - 34/(-10)). What is the greatest common divisor of 132 and t?
12
Let x = 6 - 3. Let g = -1 + x. Let s be 1 + g*-1 - -6. Calculate the greatest common divisor of 5 and s.
5
Let y(c) = c**2 - 1. Let h be y(-3). Suppose h = 4*t - 32. Let x(p) = -p**2 - 15*p + 24. Let d be x(-13). What is the greatest common factor of t and d?
10
Suppose m + 248 = 5*y, -y + 57 = 4*m - 1. Let a = y + -33. What is the highest common factor of a and 51?
17
Suppose 2*c + 5*y - 8 = 0, 8*c - 3*c - 5*y - 20 = 0. Calculate the greatest common factor of 52 and c.
4
Let a(v) = v + 8. Let g be a(10). Calculate the greatest common divisor of 126 and g.
18
Let x be (-1 - (1 - -1))/1. Let j be (-74)/(-4) - x/6. What is the highest common divisor of 38 and j?
19
Suppose 2*g - s - 25 = 0, 3*g + s + 7 = 42. Let r(v) = -v**3 + 6*v**2 + 2*v - 8. Let c be r(6). Calculate the greatest common divisor of g and c.
4
Let g be (-6)/(-10) + 94/10. What is the greatest common factor of g and 10?
10
Suppose 0*k + 4*k - 74 = -2*a, 0 = 3*a - 9. Let u = -8 + 25. What is the highest common divisor of u and k?
17
Let g(u) = u**2 + 5*u - 4. Let y be g(-6). Suppose -1 = 3*w - 16. Let o be 7 + (y - (w - 1)). What is the highest common divisor of o and 35?
5
Suppose -11*a = 3*a - 462. Calculate the highest common factor of a and 11.
11
Let p = -60 - -120. Let c(w) = -w**3 + 6*w**2 - 2*w. Suppose i = 4*i - 12. Let t be c(i). What is the highest common factor of p and t?
12
Let l be (-1)/(-2) + 17/2. What is the greatest common factor of l and 27?
9
Suppose -4*o = -29 + 125. Let y = o + 34. What is the highest common divisor of 90 and y?
10
Let p(i) = 6*i**2 - i - 2. Let a be p(5). Suppose 4*u + 6 = 2*h, -2*h + 5*u - 4 = -5. Calculate the greatest common divisor of h and a.
13
Suppose 0 = -3*a + 3, -3*h = 5*a - 62. Let n = h - 8. What is the greatest common factor of n and 88?
11
Suppose 5*l + 0*v = 2*v + 120, -l + 24 = 2*v. Suppose -3*c + 2*c + l = 0. Suppose 102 = -6*s + 150. What is the highest common factor of s and c?
8
Suppose 0 = 4*l + 3*c + 9, 4*l - c + 13 = -0*l. Let k(r) = -2*r - 4. Let x be k(l). Suppose -x*v = -5*v + 66. What is the greatest common divisor of 176 and v?
22
Let g(s) = 3*s**2 + 2*s - 8. Let m be g(8). Calculate the highest common divisor of 25 and m.
25
Suppose -4*o + 45 = -3*o. Let i be (o/18)/((-1)/(-24)). Calculate the highest common factor of 15 and i.
15
Let t = -6 + 1. Let h(r) = r**3 + 6*r**2 + 2*r - 1. Let d be h(t). Let b be 0 - -154 - 0/4. What is the highest common factor of d and b?
14
Let s = -1 + -1. Let y = s - -8. Calculate the greatest common divisor of y and 54.
6
Let l = -7 - -13. Let i be (-2 + -25)*l/(-9). Suppose -s - 54 = -4*s. What is the greatest common divisor of s and i?
18
Suppose 2*c - 2*q = 0, q - 4 = 3*c - 3*q. Suppose -t = c*t - 55. Let b = -28 - -105. Calculate the highest common divisor of t and b.
11
Let v = 22 + -15. Let b(w) = w**3 - 6*w**2 - 7*w + 3. Let d be b(v). Suppose -1 = -z + 2. Calculate the highest common divisor of z and d.
3
Suppose 0*b + 45 = 4*g - 3*b, 5*g - 36 = -3*b. Calculate the greatest common factor of 1 and g.
1
Suppose 5*n = s + 41, 3*s = -5*n + 50 - 13. Let k(w) = w**3 - 7*w**2 - 5*w - 8. Let x be k(n). What is the highest common divisor of 112 and x?
16
Suppose 5*o - 24 = -2*p, -8*p = -3*p + 3*o - 60. Calculate the highest common divisor of p and 9.
3
Let h be (-582)/30*-1 - 6/(-10). Calculate the greatest common divisor of h and 180.
20
Let b(t) = t**2 - 9*t + 2. Let y be b(-4). Calculate the highest common divisor of 6 and y.
6
Suppose 1 = -2*g + 5. Suppose -2*h - 60 = -5*j - 7*h, 50 = 4*j + g*h. Let c be (8/(-10) - -4)/(4/130). What is the greatest common divisor of c and j?
13
Suppose f - 6 = 9. What is the highest common divisor of f and 45?
15
Let p = 1 + -1. Let m be p + (1 - -18 - -1). Let x = 168 - 118. What is the greatest common divisor of m and x?
10
Let v(x) = x**2 - 3*x + 3. Let y be v(4). Suppose -m - y = -2*m + 5*s, s = 0. What is the greatest common divisor of 28 and m?
7
Let c(q) = 13*q + 1. Let g be c(1). Let l be (-4 + 4)/(-2 - -1). Suppose l = 3*n - 463 + 127. What is the greatest common factor of n and g?
14
Let m(t) = -4*t**3 - 7*t**2 - 4*t + 5. Let h be m(-4). Suppose -3*s + 5*s = -2*q + 162, h = 2*s + 5*q. Calculate the greatest common divisor of 16 and s.
16
Let d(b) be the first derivative of -b**4/4 + 5*b**3/3 - 3*b**2/2 - 2*b + 2. Let j = 5 - 1. Let t be d(j). Calculate the greatest common factor of 6 and t.
2
Suppose -3*m + 26 = 5*s - 15, -2*m = -4*s + 2. Calculate the highest common factor of m and 7.
7
Let t = -3 - -22. What is the highest common factor of 76 and t?
19
Let u = 6 - -1. Let j(s) = -s**3 - 6*s**2 - 2*s - 5. Let o be j(-6). What is the greatest common divisor of o and u?
7
Suppose 0*b - 9 = -3*b. Suppose 3*r - 349 = -5*p, 0*p + 127 = 2*p - b*r. Calculate the highest common factor of p and 17.
17
Suppose 4*u - 223 = -x, u + 276 = 6*u + 4*x. Calculate the greatest common factor of 14 and u.
14
Let m be 3/4 + 465/(-12). Let p = m + 53. Calculate the greatest common divisor of p and 120.
15
Let n(o) = o**2 - 3*o + 4. Let i be n(3). Suppose 0 = -3*f - 3*k + 201, 3*f + i*k - 156 = 42. What is the highest common factor of f and 28?
14
Suppose -4*b + 20 = 0, -2*a + 4*b + 0*b = 8. Let k(h) = -h**3 + 6*h**2 + 4*h - 4. Let y be k(a). What is the greatest common factor of y and 30?
10
Let j(t) = 6*t**3 - t**2 + 2*t - 1. Let b be j(1). Let l be 0*(b/2)/3. Suppose l = -5*p + p + 36. What is the greatest common factor of 9 and p?
9
Suppose -4*y = -5*y + 2. What is the highest common factor of 14 and y?
2
Let p = -43 + 71. What is the greatest common divisor of p and 56?
28
Suppose 19 = 4*k - 29. Suppose g - 6 - 2 = 0. What is the highest common divisor of g and k?
4
Let b be (11/(-3))/((-2)/24). Suppose 0 = -2*q - g + 218, 0 = -4*q + g - 2*g + 438. What is the highest common factor of b and q?
22
Let a = 30 + 24. Calculate the highest common factor of 90 and a.
18
Let p(u) = 11*u**2 - u. Let k be p(-2). What is the highest common divisor of 69 and k?
23
Let j(v) = -v**3 + v**2 + 5*v - 2. Let l be j(3). Let q = -4 - l. Calculate the greatest common factor of q and 1.
1
Let w be 7 + 2/1 - 2. Let i be 46/14 - 2/w. Let j be (-4 + 124/4)*1. Calculate the greatest common factor of j and i.
3
Let q = 7 + -11. Let z(h) = h**2 - h - 2. Let g be z(q). Suppose g = 4*b - 2. What is the greatest common divisor of b and 2?
1
Suppose -4*z + 4*v + 1180 = 0, -3*z + 901 = v + 4*v. Let q(l) = 14*l - 1. Let f be q(2). What is the highest common divisor of f and z?
27
Suppose 0*l = -5*l - 40. Suppose 4*h = -4*b + 8*b + 52, -5*b = 4*h - 34. Let x = l + h. What is the highest common factor of 9 and x?
3
Suppose -16 = -3*h - 2*k + 23, h - 13 = -k. Let c = -9 + h. Calculate the highest common divisor of c and 4.
4
Let j = 21 + -13. Calculate the highest common factor of j and 88.
8
Let r be (-6)/33 - (-101)/11. Let m(w) = 45*w. Let s be m(1). Calculate the highest common factor of r and s.
9
Suppose -g + 39 = -2*x - 12, -4*g + 198 = -5*x. Calculate the greatest common factor of 47 and g.
47
Suppose -4*b - 7 = 17. Let m be (8/b)/(4/(-150)). Calculate the highest common factor of m and 10.
10
Let a be (-2)/(4 + -6 + 1) - -6. Calculate the highest common divisor of 64 and a.
8
Let w = 4 + -5. Let y be -1 - (0 + w - 62). Let b be y + (4 - 2 - 0). Calculate the highest common divisor of b and 16.
16
Let k = 9 + -7. Suppose 4 = -k*u + 12. Suppose -u*v + 17 = -15. What is the greatest common factor of v and 8?
8
Suppose 4*o - 210 = 398. Suppose 0 = -3*p - o + 368. What is the greatest common factor of 9 and p?
9
Suppose 5 = -5*b - 5. Let u be 20 - -2*(-1)/b. Let s be 1 + -1 - (2 - 16). What is the greatest common divisor of s and u?
7
Suppose -2*x + 6*x - 12 = 0. Calculate the greatest common factor of 9 and x.
3
Let f be (23/3)/(7/(-105)). Let p = -67 - f. Calculate the highest common factor of 